{"id":53,"date":"2015-12-15T20:26:27","date_gmt":"2015-12-15T20:26:27","guid":{"rendered":"http:\/\/fleet.com.br\/site\/?page_id=53"},"modified":"2016-07-08T17:54:15","modified_gmt":"2016-07-08T17:54:15","slug":"backup","status":"publish","type":"page","link":"https:\/\/www.fleet.com.br\/site\/backup\/","title":{"rendered":"Backup Remoto"},"content":{"rendered":"<p><img loading=\"lazy\" class=\"alignleft size-full wp-image-248\" src=\"http:\/\/fleet.com.br\/site\/wp-content\/uploads\/2015\/12\/backupremoto.png\" alt=\"backupremoto\" width=\"283\" height=\"56\" \/><\/p>\n<p>&nbsp;<\/p>\n<p>&nbsp;<\/p>\n<p>&nbsp;<\/p>\n<p><img loading=\"lazy\" class=\"alignleft size-full wp-image-439\" src=\"http:\/\/fleet.com.br\/site\/wp-content\/uploads\/2015\/12\/lateral-b.remoto1.png\" alt=\"lateral-b.remoto1\" width=\"69\" height=\"348\" \/><\/p>\n<p>Nosso <strong>Backup Remoto<\/strong>\u00a0\u00e9 composto por um conjunto de procedimentos, ferramentas e a\u00e7\u00f5es que mant\u00e9m a integridade e disponibilidade dos dados de sua empresa em um ambiente externo pronto para ser utilizado em casos de recupera\u00e7\u00e3o de desastres.<\/p>\n<p>Backup Remoto \u00e9 ideal para salvaguarda do banco de dados de sistemas ERP, CRM, etc.<\/p>\n<p>&nbsp;<\/p>\n<p><b>Benef\u00edcios para quem contrata:<\/b><\/p>\n<p>Backup \u00e9 premissa para qualquer ambiente computacional seja ele dom\u00e9stico ou corporativo.<\/p>\n<p>O beneficio \u00e9 claro \u201c Ter uma c\u00f3pia segura do cora\u00e7\u00e3o da empresa em um ambiente externo de confian\u00e7a\u201d.<\/p>\n<p>&nbsp;<\/p>\n<p><b>Nosso diferencial<\/b><b>:<\/b><\/p>\n<p>Oferecemos aos nossos clientes parceiros n\u00e3o s\u00f3 o espa\u00e7o para armazenamento das informa\u00e7\u00f5es, como tamb\u00e9m o gerenciamento e monitoramento do Backup Remoto.<\/p>\n","protected":false},"excerpt":{"rendered":"<p>&nbsp; &nbsp; &nbsp; Nosso Backup Remoto\u00a0\u00e9 composto por um conjunto de procedimentos, ferramentas e a\u00e7\u00f5es que mant\u00e9m a integridade e disponibilidade dos dados de sua empresa em um ambiente externo pronto para ser utilizado em casos de recupera\u00e7\u00e3o de desastres. Backup Remoto \u00e9 ideal para&#8230;<\/p>\n","protected":false},"author":1,"featured_media":0,"parent":0,"menu_order":0,"comment_status":"closed","ping_status":"closed","template":"","meta":[],"_links":{"self":[{"href":"https:\/\/www.fleet.com.br\/site\/wp-json\/wp\/v2\/pages\/53"}],"collection":[{"href":"https:\/\/www.fleet.com.br\/site\/wp-json\/wp\/v2\/pages"}],"about":[{"href":"https:\/\/www.fleet.com.br\/site\/wp-json\/wp\/v2\/types\/page"}],"author":[{"embeddable":true,"href":"https:\/\/www.fleet.com.br\/site\/wp-json\/wp\/v2\/users\/1"}],"replies":[{"embeddable":true,"href":"https:\/\/www.fleet.com.br\/site\/wp-json\/wp\/v2\/comments?post=53"}],"version-history":[{"count":31,"href":"https:\/\/www.fleet.com.br\/site\/wp-json\/wp\/v2\/pages\/53\/revisions"}],"predecessor-version":[{"id":441,"href":"https:\/\/www.fleet.com.br\/site\/wp-json\/wp\/v2\/pages\/53\/revisions\/441"}],"wp:attachment":[{"href":"https:\/\/www.fleet.com.br\/site\/wp-json\/wp\/v2\/media?parent=53"}],"curies":[{"name":"wp","href":"https:\/\/api.w.org\/{rel}","templated":true}]}}