{"id":44,"date":"2015-12-15T19:42:21","date_gmt":"2015-12-15T19:42:21","guid":{"rendered":"http:\/\/fleet.com.br\/site\/?page_id=44"},"modified":"2023-07-18T19:14:23","modified_gmt":"2023-07-18T19:14:23","slug":"home","status":"publish","type":"page","link":"https:\/\/www.fleet.com.br\/site\/","title":{"rendered":"Home"},"content":{"rendered":"<p><code><script type=\"text\/javascript\">var lsjQuery = jQuery;<\/script><script type=\"text\/javascript\">\r\nlsjQuery(document).ready(function() {\r\n                if(typeof lsjQuery.fn.layerSlider == \"undefined\") { lsShowNotice('layerslider_2','jquery'); }\r\n                    else if(typeof lsjQuery.transit == \"undefined\" || typeof lsjQuery.transit.modifiedForLayerSlider == \"undefined\") { lsShowNotice('layerslider_2', 'transit'); }\r\n                        else {\r\n                            lsjQuery(\"#layerslider_2\").layerSlider({\r\n                                width : '1000px',\r\n                                height : '225px',\r\n                                responsive : true,\r\n                                responsiveUnder : 0,\r\n                                sublayerContainer : 0,\r\n                                autoStart : true,\r\n                                pauseOnHover : true,\r\n                                firstLayer : 1,\r\n                                animateFirstLayer : true,\r\n                                randomSlideshow : false,\r\n                                twoWaySlideshow : true,\r\n                                loops : 0,\r\n                                forceLoopNum : true,\r\n                                autoPlayVideos : true,\r\n                                autoPauseSlideshow : 'auto',\r\n                                youtubePreview : 'maxresdefault.jpg',\r\n                                keybNav : true,\r\n                                touchNav : true,\r\n                                skin : 'noskin',\r\n                                skinsPath : 'https:\/\/www.fleet.com.br\/site\/wp-content\/plugins\/LayerSlider\/skins\/',\r\nnavPrevNext : false,\r\n                                navStartStop : false,\r\n                                navButtons : false,\r\n                                hoverPrevNext : false,\r\n                                hoverBottomNav : false,\r\n                                showBarTimer : false,\r\n                                showCircleTimer : false,\r\n                                thumbnailNavigation : 'hover',\r\n                                tnWidth : 100,\r\n                                tnHeight : 60,\r\n                                tnContainerWidth : '60%',\r\n                                tnActiveOpacity : 35,\r\n                                tnInactiveOpacity : 100,\r\n                                imgPreload : true,\r\n                        \t\tyourLogo : false,\r\n                                yourLogoStyle : 'left: 10px; top: 10px;',\r\n                                yourLogoLink : false,\r\n                                yourLogoTarget : '_self',\r\n                                cbInit : function(element) { },\r\n                                cbStart : function(data) { },\r\n                                cbStop : function(data) { },\r\n                                cbPause : function(data) { },\r\n                                cbAnimStart : function(data) { },\r\n                                cbAnimStop : function(data) { },\r\n                                cbPrev : function(data) { },\r\n                                cbNext : function(data) { }\r\n                            });\r\n                        }\r\n            });\r\n        <\/script><div class=\"ls-wp-fullwidth-container\"><div class=\"ls-wp-fullwidth-helper\"><div id=\"layerslider_2\" class=\"ls-wp-container\" style=\"width: 1000px; height: 225px; margin: 0px auto; \"><div class=\"ls-layer\"  style=\"slidedirection: bottom; slidedelay: 4000; durationin: 1000; durationout: 1000; easingin: easeInOutQuint; easingout: easeInOutQuint; delayin: 0; delayout: 0; \"><img class=\"ls-s-1\"  src=\"https:\/\/fleet.com.br\/site\/wp-content\/uploads\/2016\/06\/wire-rack-1311161.jpg\"  style=\"position: absolute; top: -73px; left: -53px;    durationin : 1000; durationout : 1000; easingin : easeInOutQuint; easingout : easeInOutQuint; delayin : 0; delayout : 0; showuntil : 0; \"><a href=\"http:\/\/fleet.com.br\/site\/system-management\/\" target=\"_self\"   class=\"ls-s-1\"  style=\"position: absolute; top: 27px; left:379px; display: block; slidedirection : bottom; slideoutdirection : bottom; durationin : 1000; durationout : 1000; easingin : easeInOutQuint; easingout : easeInOutQuint; delayin : 0; delayout : 0; showuntil : 0\"><img src=\"https:\/\/fleet.com.br\/site\/wp-content\/uploads\/2016\/07\/painel-solu3-1.jpg\"  style=\"\"><\/a><\/div><div class=\"ls-layer\"  style=\"slidedirection: top; slidedelay: 4000; durationin: 1000; durationout: 1000; easingin: easeInOutQuint; easingout: easeInOutQuint; delayin: 0; delayout: 0; \"><img class=\"ls-s-1\"  src=\"http:\/\/fleet.com.br\/site\/wp-content\/uploads\/2016\/06\/wire-rack-1311161.jpg\"  style=\"position: absolute; top: -73px; left: -53px;    durationin : 1000; durationout : 1000; easingin : easeInOutQuint; easingout : easeInOutQuint; delayin : 0; delayout : 0; showuntil : 0; \"><a href=\"http:\/\/fleet.com.br\/site\/projetos\/\" target=\"_self\"   class=\"ls-s-1\"  style=\"position: absolute; top: 32px; left:32px; display: block; slidedirection : bottom; slideoutdirection : bottom; durationin : 1000; durationout : 1000; easingin : easeInOutQuint; easingout : easeInOutQuint; delayin : 0; delayout : 0; showuntil : 0\"><img src=\"http:\/\/fleet.com.br\/site\/wp-content\/uploads\/2020\/06\/painel-projetos2.png\"  style=\"\"><\/a><\/div><div class=\"ls-layer\"  style=\"slidedirection: top; slidedelay: 4000; durationin: 1000; durationout: 1000; easingin: easeInOutQuint; easingout: easeInOutQuint; delayin: 0; delayout: 0; \"><img class=\"ls-s-1\"  src=\"http:\/\/fleet.com.br\/site\/wp-content\/uploads\/2016\/06\/wire-rack-1311161.jpg\"  style=\"position: absolute; top: -73px; left: -53px;    durationin : 1000; durationout : 1000; easingin : easeInOutQuint; easingout : easeInOutQuint; delayin : 0; delayout : 0; showuntil : 0; \"><a href=\"http:\/\/fleet.com.br\/site\/solucoes-em-cloud\/\" target=\"_self\"   class=\"ls-s-1\"  style=\"position: absolute; top: 27px; left:458px; display: block; slidedirection : bottom; slideoutdirection : bottom; durationin : 1000; durationout : 1000; easingin : easeInOutQuint; easingout : easeInOutQuint; delayin : 0; delayout : 0; showuntil : 0\"><img src=\"http:\/\/fleet.com.br\/site\/wp-content\/uploads\/2016\/07\/painel-cloud.jpg\"  style=\"\"><\/a><\/div><div class=\"ls-layer\"  style=\"slidedirection: top; slidedelay: 4000; durationin: 1000; durationout: 1000; easingin: easeInOutQuint; easingout: easeInOutQuint; delayin: 0; delayout: 0; \"><a href=\"http:\/\/fleet.com.br\/site\/backup\/\" target=\"_self\"   class=\"ls-s-1\"  style=\"position: absolute; top: -73px; left:-53px; display: block;   durationin : 1000; durationout : 1000; easingin : easeInOutQuint; easingout : easeInOutQuint; delayin : 0; delayout : 0; showuntil : 0\"><img src=\"http:\/\/fleet.com.br\/site\/wp-content\/uploads\/2016\/06\/wire-rack-1311161.jpg\"  style=\"\"><\/a><img class=\"ls-s-1\"  src=\"http:\/\/fleet.com.br\/site\/wp-content\/uploads\/2016\/07\/painel-remoto.jpg\"  style=\"position: absolute; top: 27px; left: 244px; slidedirection : bottom; slideoutdirection : bottom;  durationin : 1000; durationout : 1000; easingin : easeInOutQuint; easingout : easeInOutQuint; delayin : 0; delayout : 0; showuntil : 0; \"><\/div><div class=\"ls-layer\"  style=\"slidedirection: top; slidedelay: 4000; durationin: 1000; durationout: 1000; easingin: easeInOutQuint; easingout: easeInOutQuint; delayin: 0; delayout: 0; \"><img class=\"ls-s-1\"  src=\"http:\/\/fleet.com.br\/site\/wp-content\/uploads\/2016\/06\/wire-rack-1311161.jpg\"  style=\"position: absolute; top: -73px; left: -53px;    durationin : 1000; durationout : 1000; easingin : easeInOutQuint; easingout : easeInOutQuint; delayin : 0; delayout : 0; showuntil : 0; \"><a href=\"http:\/\/fleet.com.br\/site\/hospedagem-e-desenvolvimento-web\/\" target=\"_self\"   class=\"ls-s-1\"  style=\"position: absolute; top: 27px; left:601px; display: block; slidedirection : bottom; slideoutdirection : bottom; durationin : 1000; durationout : 1000; easingin : easeInOutQuint; easingout : easeInOutQuint; delayin : 0; delayout : 0; showuntil : 0\"><img src=\"http:\/\/fleet.com.br\/site\/wp-content\/uploads\/2016\/07\/hospedagem-1.png\"  style=\"\"><\/a><\/div><\/div><\/div><\/div><\/code><\/p>\n<div style=\"\" class=\"separator normal\"><\/div>\n<blockquote style=width:100%;><span class='blockquote_mark'><\/span>\n<div style=\"padding: 0px 40px; font-size: 1em; text-align: center;\"><strong>Nossas premissas para realizar um trabalho de qualidade s\u00e3o:\u00a0<\/strong>Transpar\u00eancia, respeito, compromisso com resultados e confidencialidade de dados. Atuamos no mercado de T.I desde 1996 e nos especializamos em projetos corporativos. Ao longo desses anos, constatamos que o mercado brasileiro \u00e9 heterog\u00eaneo e necessita de consultoria qualificada para atender suas necessidades.<\/div>\n<div style=\"padding: 0px 40px; font-size: 1em; text-align: center;\">Cada empresa tem necessidades espec\u00edficas,\u00a0a partir dessa tend\u00eancia apresentamos solu\u00e7\u00f5es personalizadas e criamos projetos sob medida, de acordo com o tamanho e requisitos da sua empresa e que atendam o objeto de estudo satisfatoriamente.\u00a0Unimos o gerenciamento da informa\u00e7\u00e3o com um ambiente \u00e1gil e flex\u00edvel.<\/div>\n<\/blockquote>\n<p style=\"text-align: right; margin-right: 80px;\">Equipe Fleet<\/p>\n","protected":false},"excerpt":{"rendered":"<p>Equipe Fleet<\/p>\n","protected":false},"author":1,"featured_media":0,"parent":0,"menu_order":0,"comment_status":"closed","ping_status":"closed","template":"","meta":[],"_links":{"self":[{"href":"https:\/\/www.fleet.com.br\/site\/wp-json\/wp\/v2\/pages\/44"}],"collection":[{"href":"https:\/\/www.fleet.com.br\/site\/wp-json\/wp\/v2\/pages"}],"about":[{"href":"https:\/\/www.fleet.com.br\/site\/wp-json\/wp\/v2\/types\/page"}],"author":[{"embeddable":true,"href":"https:\/\/www.fleet.com.br\/site\/wp-json\/wp\/v2\/users\/1"}],"replies":[{"embeddable":true,"href":"https:\/\/www.fleet.com.br\/site\/wp-json\/wp\/v2\/comments?post=44"}],"version-history":[{"count":12,"href":"https:\/\/www.fleet.com.br\/site\/wp-json\/wp\/v2\/pages\/44\/revisions"}],"predecessor-version":[{"id":943,"href":"https:\/\/www.fleet.com.br\/site\/wp-json\/wp\/v2\/pages\/44\/revisions\/943"}],"wp:attachment":[{"href":"https:\/\/www.fleet.com.br\/site\/wp-json\/wp\/v2\/media?parent=44"}],"curies":[{"name":"wp","href":"https:\/\/api.w.org\/{rel}","templated":true}]}}