{"id":236,"date":"2015-12-17T16:12:15","date_gmt":"2015-12-17T16:12:15","guid":{"rendered":"http:\/\/fleet.com.br\/site\/?page_id=236"},"modified":"2016-01-05T10:50:03","modified_gmt":"2016-01-05T10:50:03","slug":"system-management","status":"publish","type":"page","link":"https:\/\/www.fleet.com.br\/site\/system-management\/","title":{"rendered":"System Management"},"content":{"rendered":"<p><img loading=\"lazy\" class=\"size-full wp-image-256 alignleft\" src=\"http:\/\/fleet.com.br\/site\/wp-content\/uploads\/2015\/12\/system.png\" alt=\"system\" width=\"460\" height=\"61\" srcset=\"https:\/\/www.fleet.com.br\/site\/wp-content\/uploads\/2015\/12\/system.png 460w, https:\/\/www.fleet.com.br\/site\/wp-content\/uploads\/2015\/12\/system-300x40.png 300w\" sizes=\"(max-width: 460px) 100vw, 460px\" \/><\/p>\n<p>&nbsp;<\/p>\n<p>&nbsp;<\/p>\n<p>&nbsp;<\/p>\n<p>&nbsp;<\/p>\n<p><img loading=\"lazy\" class=\"alignleft size-full wp-image-251\" src=\"http:\/\/fleet.com.br\/site\/wp-content\/uploads\/2015\/12\/lateral.png\" alt=\"lateral\" width=\"69\" height=\"721\" \/>System Management (Gerenciamento de sistemas) \u00e9 a gest\u00e3o dos sistemas de tecnologia da informa\u00e7\u00e3o em uma empresa. Isso inclui levantamento de requisitos, compra de equipamentos e softwares,\u00a0 gest\u00e3o dos ativos e servi\u00e7os de TI, mantendo-os com atualiza\u00e7\u00f5es de aprimoramento e de seguran\u00e7a.<\/p>\n<p>Cria\u00e7\u00e3o de processos de tratamento de problemas para determinar se os objetivos est\u00e3o sendo cumpridos.<\/p>\n<p>&nbsp;<\/p>\n<p><b>Caracter\u00edsticas do System Management<\/b><\/p>\n<p>Invent\u00e1rios de hardware<\/p>\n<p>Invent\u00e1rio de software e instala\u00e7\u00e3o<\/p>\n<p>Gest\u00e3o de Anti-v\u00edrus\u00a0e Anti-\u00a0malwares<\/p>\n<p>Gerenciamento de ativos de Hardware<\/p>\n<p>Gerenciamento de Licen\u00e7as de Software<\/p>\n<p>Gerenciamento de armazenamento<\/p>\n<p>Gerenciamento dos servi\u00e7os de servidor<\/p>\n<p>Gerenciamento da capacidade de rede e monitoramento de utiliza\u00e7\u00e3o<\/p>\n<p>Gerenciamento e monitoramento dos backups de sistemas e arquivos<\/p>\n<p>Planos de conting\u00eancia dos ativos e servi\u00e7os de rede e sistemas<\/p>\n<p>Apoio aos gestores e analistas de Sistemas ERP, BI, CRM, entre outros<\/p>\n<p>&nbsp;<\/p>\n<p><b>Benef\u00edcios para quem contrata:<\/b><\/p>\n<p>Nossa proposta \u00e9 auxiliar sua empresa no gerenciamento de sistemas, mantendo os ativos de rede, servi\u00e7os de servidor e sistemas integrados sempre em funcionamento e em conformidade, evitando paradas inesperadas.<\/p>\n<p>Dessa forma a empresa economiza tempo, reduz custo com pessoal e mantem o foco nos neg\u00f3cios e n\u00e3o na TI.<\/p>\n<p>&nbsp;<\/p>\n","protected":false},"excerpt":{"rendered":"<p>&nbsp; &nbsp; &nbsp; &nbsp; System Management (Gerenciamento de sistemas) \u00e9 a gest\u00e3o dos sistemas de tecnologia da informa\u00e7\u00e3o em uma empresa. Isso inclui levantamento de requisitos, compra de equipamentos e softwares,\u00a0 gest\u00e3o dos ativos e servi\u00e7os de TI, mantendo-os com atualiza\u00e7\u00f5es de aprimoramento e de&#8230;<\/p>\n","protected":false},"author":1,"featured_media":0,"parent":0,"menu_order":0,"comment_status":"closed","ping_status":"closed","template":"","meta":[],"_links":{"self":[{"href":"https:\/\/www.fleet.com.br\/site\/wp-json\/wp\/v2\/pages\/236"}],"collection":[{"href":"https:\/\/www.fleet.com.br\/site\/wp-json\/wp\/v2\/pages"}],"about":[{"href":"https:\/\/www.fleet.com.br\/site\/wp-json\/wp\/v2\/types\/page"}],"author":[{"embeddable":true,"href":"https:\/\/www.fleet.com.br\/site\/wp-json\/wp\/v2\/users\/1"}],"replies":[{"embeddable":true,"href":"https:\/\/www.fleet.com.br\/site\/wp-json\/wp\/v2\/comments?post=236"}],"version-history":[{"count":13,"href":"https:\/\/www.fleet.com.br\/site\/wp-json\/wp\/v2\/pages\/236\/revisions"}],"predecessor-version":[{"id":305,"href":"https:\/\/www.fleet.com.br\/site\/wp-json\/wp\/v2\/pages\/236\/revisions\/305"}],"wp:attachment":[{"href":"https:\/\/www.fleet.com.br\/site\/wp-json\/wp\/v2\/media?parent=236"}],"curies":[{"name":"wp","href":"https:\/\/api.w.org\/{rel}","templated":true}]}}